{"id":142,"date":"2023-01-08T00:44:30","date_gmt":"2023-01-08T00:44:30","guid":{"rendered":"http:\/\/nomueraspobre.com\/?post_type=product&#038;p=142"},"modified":"2026-01-21T05:03:47","modified_gmt":"2026-01-21T05:03:47","slug":"no-mueras-pobre-edicion-digital","status":"publish","type":"product","link":"https:\/\/nomueraspobre.com\/index.php\/producto\/no-mueras-pobre-edicion-digital\/","title":{"rendered":"NO MUERAS POBRE edici\u00f3n digital"},"content":{"rendered":"<p>Este no es un libro m\u00e1s escrito por un gur\u00fa o por un consultor que jam\u00e1s se arriesg\u00f3 en ning\u00fan negocio y vive de sus libros.<\/p>\n<p>Este libro recoge m\u00e1s de 30 a\u00f1os de experiencia real, de aprendizaje de miles y miles de horas con los mejores, de lectura de los mejores libros de emprendimiento, de marketing y de finanzas.<\/p>\n<p>Es la suma del conocimiento de haber creado 20 negocios diferentes a lo largo de su vida y de haber sido directivo de varias multinacionales.<\/p>\n<p>En este libro aprender\u00e1s las reglas m\u00e1s importantes para que tu cabeza empiece a pensar de manera diferente al resto.<\/p>\n<p>Aprender\u00e1s los trucos de como hacer much\u00edsimas cosas y de como actuar ante infinidad de situaciones sacando el mejor provecho para ti.<\/p>\n<p>Te ense\u00f1ar\u00e1 a no cometer muchos de los errores que la mayor\u00eda comete una y otra vez. Te ayudar\u00e1 a perder tus miedos y a romper barreras, a ganar confianza, a ganar seguridad, pero sobre todo, te ense\u00f1ar\u00e1 las reglas necesarias para que puedas proteger tu futuro y el de tu familia.<\/p>\n","protected":false},"excerpt":{"rendered":"<p>Tu descarga estar\u00e1 disponible un tiempo m\u00e1ximo de 10 d\u00edas desde la compra. \u00a1Date prisa!<\/p>\n","protected":false},"featured_media":161,"comment_status":"open","ping_status":"closed","template":"","meta":[],"product_cat":[19],"product_tag":[23,22],"class_list":{"0":"post-142","1":"product","2":"type-product","3":"status-publish","4":"has-post-thumbnail","6":"product_cat-ebook","7":"product_tag-ebook","8":"product_tag-libro-digital","10":"first","11":"instock","12":"downloadable","13":"virtual","14":"purchasable","15":"product-type-simple"},"aioseo_notices":[],"_links":{"self":[{"href":"https:\/\/nomueraspobre.com\/index.php\/wp-json\/wp\/v2\/product\/142","targetHints":{"allow":["GET"]}}],"collection":[{"href":"https:\/\/nomueraspobre.com\/index.php\/wp-json\/wp\/v2\/product"}],"about":[{"href":"https:\/\/nomueraspobre.com\/index.php\/wp-json\/wp\/v2\/types\/product"}],"replies":[{"embeddable":true,"href":"https:\/\/nomueraspobre.com\/index.php\/wp-json\/wp\/v2\/comments?post=142"}],"wp:featuredmedia":[{"embeddable":true,"href":"https:\/\/nomueraspobre.com\/index.php\/wp-json\/wp\/v2\/media\/161"}],"wp:attachment":[{"href":"https:\/\/nomueraspobre.com\/index.php\/wp-json\/wp\/v2\/media?parent=142"}],"wp:term":[{"taxonomy":"product_cat","embeddable":true,"href":"https:\/\/nomueraspobre.com\/index.php\/wp-json\/wp\/v2\/product_cat?post=142"},{"taxonomy":"product_tag","embeddable":true,"href":"https:\/\/nomueraspobre.com\/index.php\/wp-json\/wp\/v2\/product_tag?post=142"}],"curies":[{"name":"wp","href":"https:\/\/api.w.org\/{rel}","templated":true}]}}